t l = 6 - -1. Calculate the remainder when 17 is divided by l.
3
Suppose -3*i + 5*c = 2*c - 345, -3*i - 3*c + 321 = 0. What is the remainder when i is divided by 23?
19
Let i = 2 + 37. What is the remainder when i is divided by (-4)/14 + 800/56?
11
Suppose 4*z - 12*z + 376 = 0. Suppose 3*g = 2*v + 40, -g + 15 = 2*g + 3*v. Let k = g - -6. Calculate the remainder when z is divided by k.
15
Let s = 1 + 1. Let q = 0 + s. Suppose -q*l - 2*m + 20 = 2, 3*m = 15. What is the remainder when 7 is divided by l?
3
Let s(c) = c**3 + 10*c**2 - 5*c - 3. Let m be s(-10). Let a = m + -20. What is the remainder when a is divided by 14?
13
Let b = 3 + -9. What is the remainder when ((-138)/(-9))/((-4)/b) is divided by 12?
11
Let p be (4*1)/(1 + 1). Suppose -p*y - 16 = 5*q - 71, 181 = 5*y - 2*q. What is the remainder when y is divided by 12?
11
Let q = -17 + 23. Suppose 0*n - q = -2*n. Calculate the remainder when 5 is divided by n.
2
Let p(i) = i**2 - 4*i - 3. What is the remainder when 26 is divided by p(6)?
8
Let b be (9/(-6) - -2)*14. Let j = 0 - b. Let d = 14 + j. What is the remainder when d is divided by 4?
3
Let x(c) be the third derivative of 0*c - 1/6*c**4 - 1/60*c**5 - 2*c**2 + 0*c**3 + 0. What is the remainder when 5 is divided by x(-3)?
2
Suppose p - 3*p + 118 = 0. What is the remainder when p is divided by 15?
14
Let c = 32 + -9. What is the remainder when 66 is divided by c?
20
Suppose 36 = -2*q + 4*q. What is the remainder when q is divided by 5?
3
Let i be (3/1)/((-2)/(-4)). Let p be (i/(-4))/(6/8). Calculate the remainder when 18 is divided by 9 - p/(1 + 1).
8
Let v = -4 + 5. What is the remainder when 3 is divided by v?
0
Suppose -p - 14 = -2*p. Let a = p - 2. Calculate the remainder when a is divided by 7.
5
Let p = 63 - 39. Let x be (102/p)/((-2)/8). Let g = 58 + x. What is the remainder when g is divided by 21?
20
Suppose 0 = -r + 4*z + 156, 4*r + 2*z = 4*z + 554. What is the remainder when r is divided by 46?
44
Suppose -2*q + 3 - 14 = y, -4*q = -y + 19. Let n(a) = -9*a + 1. Calculate the remainder when n(q) is divided by 12.
10
Calculate the remainder when 112 is divided by 11/(385/(-10)) - (-275)/7.
34
Let j be 0/(1*(-3 + 2)). Let k(l) = l - 3. Let a be k(j). Let c = 7 + a. Calculate the remainder when 11 is divided by c.
3
Let u = 231 - 159. Calculate the remainder when u is divided by 39.
33
Let w(h) = h**2 + 36*h + 91. Suppose 0 = 2*c - 6*c + 176. Calculate the remainder when c is divided by w(-34).
21
Let q be -10*(-1 - (0 - 2)). Let t(m) = 9*m**2 + 0*m**2 + 2 - 4*m**2 + 5*m**2 + m**3. What is the remainder when 2 is divided by t(q)?
0
Let n = -8 + 11. Suppose 0*g - n*g + 51 = 0. What is the remainder when 32 is divided by g?
15
Suppose 3*p - 6 = 0, -4*p + 128 = 3*o + o. Calculate the remainder when o is divided by 16.
14
Let w(m) = -m**3 + 7*m**2 + 2*m + 1. What is the remainder when w(7) is divided by 3?
0
Suppose r = -4*r + 260. Suppose -31 = -2*s - 4*z + 1, -3*s - 3*z + 51 = 0. Calculate the remainder when r is divided by s.
16
Let k(r) = 4*r**2 + 4*r + 2. Suppose 0 + 1 = -o. Let a = o + -1. What is the remainder when 18 is divided by k(a)?
8
Let w(k) = -5*k + 9. Let v be w(6). Let o = 44 - v. What is the remainder when o is divided by 17?
14
Suppose 4*u = -u + 25. What is the remainder when u is divided by 2?
1
Suppose 0 = -4*l - 0 - 4, -56 = -3*k - l. Let j(t) = 6*t - 36. What is the remainder when j(12) is divided by k?
17
What is the remainder when 5/(-15)*-15 - -70 is divided by 16?
11
What is the remainder when 46 is divided by (1 - 2) + 14 - -3?
14
Suppose 0 = -14*d + 503 + 197. Let g(l) = -l. Let u be g(0). Suppose u = -3*w + w + d. What is the remainder when 73 is divided by w?
23
Suppose -61 = -i - 2*s, 0*i - 5*s = 3*i - 185. Suppose 10 - i = -5*a. Calculate the remainder when a is divided by 7.
4
Suppose 12*x - 88 = 4*x. What is the remainder when 41 is divided by x?
8
Let d(n) = -4*n - 2. Suppose 1 = -2*y + 9. Calculate the remainder when d(-4) is divided by y.
2
Suppose -2*w = 4*v + 3*w - 481, 480 = 4*v + 4*w. What is the remainder when v is divided by 40?
39
Suppose 0 = 2*p + 28 - 8. Let u = 0 + 41. Calculate the remainder when u is divided by -5*(38/p + 1).
13
Let k = 31 + -17. Suppose -3*w = 5*a - 20, -12 = -5*w - a + k. Let s(m) = -m**3 + 5*m**2 - m + 1. Calculate the remainder when s(4) is divided by w.
3
Let z(v) = 2*v**2 - 7*v - 10. Calculate the remainder when 36 is divided by z(6).
16
Let g(j) = 1 + 3*j - 4*j + 7. Let o be g(5). Suppose 9 = 3*t, -7 = x - 5*x + o*t. Calculate the remainder when 11 is divided by x.
3
Calculate the remainder when 18 - 16 - (0 + 27*-1) is divided by 10.
9
Let q = -4 + 12. Let a = 4 - -1. Suppose 0*b + 3*s - 107 = -a*b, s + 111 = 5*b. What is the remainder when b is divided by q?
6
Let v = 3 - 6. Let z = 15 + -7. Let r = v + z. Calculate the remainder when r is divided by 3.
2
Let l = 16 + -9. Suppose -l*g + 30 = -2*g. Calculate the remainder when 10 is divided by g.
4
What is the remainder when 2 - 1*(-27 + 4) is divided by 13?
12
Suppose -5*s + 3*a = -117, -s + a = -3*a - 37. Let m = 0 + s. Let f = m - 12. Calculate the remainder when f is divided by 5.
4
Suppose 334 = 5*k - 91. Suppose 133 = 5*x + 3*n, n = -2*x - 3*n + 42. What is the remainder when k is divided by x?
27
Suppose 2*x + 1 = -2*h + 11, 4*x = 4*h + 4. Let t = x + 0. What is the remainder when 7 is divided by t?
1
Let j be 4/(-5)*10/(-4). Let t(w) = w**3 - 4*w**2 + 2*w - 5. Let c be t(4). Calculate the remainder when 25 is divided by ((-2)/c)/(j/(-39)).
12
Suppose -2*t - 4 + 8 = 0. Suppose 0 = -3*l - t*l + 205. What is the remainder when l is divided by 11?
8
What is the remainder when 193 is divided by -4 + 1 + ((-624)/(-2))/6?
46
Suppose -v - 2 + 9 = f, 0 = 5*v + 2*f - 50. Calculate the remainder when 32 is divided by v.
8
Let o(g) be the second derivative of 0 + 2*g - g**2 + 1/12*g**4 - 1/6*g**3. Calculate the remainder when 7 is divided by o(3).
3
Let l(q) = q**2 + 18*q + 17. Let d be l(-17). Let k(w) = w**3 - w + 15. Calculate the remainder when 72 is divided by k(d).
12
Let c = 20 - 5. Calculate the remainder when c is divided by 9.
6
Suppose 2*q + 0*q = 20. Suppose -4*s + 7 = -5. What is the remainder when q is divided by s?
1
Suppose i = 3*i + 4. Calculate the remainder when (2 - (-24)/(-10))*-70 is divided by -4 + 3 + 18 + i.
13
Let v be 76/3*(2 + 1). Let w = v - 46. Suppose -n + 3*n = w. Calculate the remainder when n is divided by 8.
7
Let a = 18 + -18. Suppose -4*s + 15 + 9 = a. What is the remainder when 14 is divided by s?
2
Let w be 4/(-22) + (-1440)/(-55). Let t = w - 12. Calculate the remainder when 25 is divided by t.
11
What is the remainder when 103 is divided by 2/1*405/30?
22
Let l(y) = y**3 - 9*y**2 + 9*y + 12. What is the remainder when l(9) is divided by 32?
29
Suppose -92 = 3*y + y. Let n(w) = -2*w**2 - 29*w - 5. What is the remainder when 2 - 1/(1/y) is divided by n(-14)?
7
Let t = -114 - -34. What is the remainder when (-3)/(t/26 + 3) is divided by 14?
11
Let f = -64 + 135. Suppose -5*i + y = -85, y - f = -3*i - 20. Let q = i - 3. Calculate the remainder when q is divided by 8.
6
Let s = -8 + 13. Suppose 3*m - 5*x = 9, 2*m + 3*x = s*m - 9. Calculate the remainder when m is divided by 1.
0
Let g(r) = 2*r + 3. What is the remainder when 26 is divided by g(6)?
11
Calculate the remainder when 33 is divided by 4*(-4)/(-16)*7.
5
Suppose -m - 3*m + 32 = 0. What is the remainder when 26/m + 2/(-8) is divided by 2/(-5) - (-12)/5?
1
Suppose -16*t = -21*t + 255. Calculate the remainder when t is divided by 26.
25
Let x(o) = -o**3 + 3*o**2 + 4*o + 5. Let w be x(4). Suppose 5*r = -0*r + w. Calculate the remainder when 3 is divided by r.
0
Suppose -5*s = 2*d - 242, -69 = -4*s + 3*d + 143. What is the remainder when s is divided by 17?
16
Let q = -35 + 78. Let z = -61 + 91. Suppose -2*l + z = -0*l. What is the remainder when q is divided by l?
13
Suppose -5*o = -0*v + 4*v - 1473, -4*o - 384 = -v. Suppose 8*z - 4*z = v. Calculate the remainder when z is divided by 24.
21
Let a(x) = x**2 + x - 1. What is the remainder when a(-3) is divided by 2?
1
Let u be (-1)/(-2)*-2 - 3. What is the remainder when (-566)/(-6) + u/(-6) is divided by 32?
31
Let a = 149 + -137. Calculate the remainder when 20 is divi